 y = 334 - 224. Let f(o) = 46*o**2 - 4*o + 3. Let j(w) = w**2 - w + 1. Let k(t) = f(t) - j(t). Let d be k(1). What is the greatest common divisor of y and d?
22
Let s(g) = 54*g. Let z be s(5). Suppose 2*j = o + 55, -20*j = -19*j + o - 35. Calculate the highest common factor of j and z.
30
Let d(y) = -391*y - 2334. Let w be d(-6). Let m(o) = o**2 - 2*o + 1. Let c be m(5). Calculate the greatest common factor of w and c.
4
Suppose 9*u = 50 + 4. Let l(i) = i**3 - 2*i**2 - 7*i + 8. Let f be l(u). Let a(r) = -2*r - 2. Let c be a(-6). What is the highest common factor of c and f?
10
Let t(n) = -3*n**2 - 7 + 0*n - n + n**2 + 2*n - n**3. Let g be t(-5). Let w = 110 - 103. What is the highest common factor of w and g?
7
Let z be (0 - -1) + ((-585)/12)/(84/(-112)). Suppose 3*y - 4*b = 743, y - b = 239 + 7. Suppose y = 7*o + z. What is the highest common factor of o and 5?
5
Let k(c) = -2*c**3 - 57*c**2 - 45*c - 376. Let o be k(-28). Suppose z - 673 = -3*v, 448 = -5*v - 3*z + 1567. Calculate the greatest common divisor of v and o.
25
Suppose 2*i - 1575 = -3*t, -3*i - 17*t + 22*t = -2391. Calculate the greatest common divisor of i and 198.
198
Suppose -2*t + t - 18 = -3*t. What is the greatest common divisor of 41 and t?
1
Suppose -2*k + 16 = -14*q + 11*q, 0 = 2*k - 4*q - 10. What is the highest common factor of k and 119?
17
Let q = 50 - 26. Suppose 168 = -12*r + q*r. What is the greatest common divisor of 658 and r?
14
Let n(l) = -l**3 - 7*l**2 + 92*l - 4. Let d be n(5). Let u be 2 + (2 + 100)*1. Calculate the greatest common factor of d and u.
52
Let j be 3/((-3)/(-4)) - 16/8. Suppose -3*a - q - 79 = -680, -j*q + 2 = 0. What is the greatest common factor of a and 25?
25
Let f(j) = -17*j - 37. Let s be f(-9). Let w = 148 - s. Calculate the highest common divisor of 464 and w.
16
Let y be ((-9)/(-36))/((-1)/(-16)). Let n be (y - (-1)/2)*(-276)/(-9). Suppose 6*k = 12*k - n. What is the highest common divisor of 69 and k?
23
Let v be (1 - (-10)/(-14)) + (-56108)/(-2366). Calculate the greatest common divisor of 56 and v.
8
Suppose -5*y - 601 = -g - 61, -5*g - 4*y + 2700 = 0. Suppose -2*k = -2*a + 3*a - 540, -a - k = -g. Calculate the greatest common factor of a and 36.
36
Let m be 20/210 - (-31305)/63. Calculate the greatest common factor of m and 14.
7
Let h = 4126 + -3910. Calculate the greatest common factor of h and 459.
27
Let c(t) = 42*t + 7. Let f be c(-6). Let i = f + 375. What is the greatest common divisor of i and 5?
5
Let k be (-3)/(-9) + (-8086)/39. Let i = -192 - k. Suppose 0*o = -2*o + 210. What is the greatest common factor of i and o?
15
Suppose 13*b - 5*b + 47 = 167. Let w = 7 - 4. Suppose x + w*x = 4*y + 124, -4*x + 3*y + 123 = 0. What is the highest common divisor of x and b?
15
Let r = -44 + 49. Suppose 53 = r*c - 17. Suppose 0 = -0*y - y + c. Calculate the highest common factor of y and 2.
2
Let g(n) = -1 - 3 - 5*n - 1 + 4. Suppose v + 66 = 63. Let u be g(v). Calculate the greatest common factor of u and 98.
14
Let l = -14690 + 14789. What is the greatest common divisor of 649 and l?
11
Let r be (-176)/(-24)*((-7428)/(-9) - (-3)/(-9)). What is the highest common divisor of 44 and r?
22
Let k = -2868 - -2963. Calculate the greatest common divisor of k and 40.
5
Let p = -376 - -541. Suppose 0 = -7*c - c - 264. Let m be 2*(-5)/(30/c). Calculate the greatest common divisor of m and p.
11
Let t be -5*15/25 + -6. Let f be (-24)/(-36) - 210/t. What is the greatest common factor of 152 and f?
8
Suppose 0 = -2*w - 2 + 10. Let q = 16 - w. Suppose q = -19*n + 21*n. Calculate the highest common divisor of n and 4.
2
Suppose -5*v = -164 - 276. Let r(z) = z**3 - 14*z**2 + 24*z + 22. Suppose 4*y = 17 + 31. Let d be r(y). What is the greatest common divisor of d and v?
22
Let j(a) be the first derivative of 7*a**2 - 1/4*a**4 - 8*a - 4 - 5*a**3. Let x be j(-16). What is the greatest common factor of x and 168?
24
Suppose 215 = i + 2*i - 5*d, 0 = -i + 2*d + 72. Suppose 6*f - 3457 = 71. Suppose -4*m = -25*m + f. What is the highest common divisor of i and m?
14
Let p be ((-3)/((-9)/2))/((-10)/(-225)). What is the highest common factor of p and 60?
15
Let c(k) = 6*k**2 - 3*k - 17. Let d(j) = j**2 - 1. Let r(t) = c(t) - 5*d(t). Let w be r(9). Calculate the greatest common factor of w and 28.
14
Let g be (-43809)/(-1071) - (69/(-63) + 1). What is the highest common divisor of g and 6191?
41
Suppose 0 = -w + 7*w - 18. Suppose 2*d + 348 = 5*c, w*d = -c + 11 + 62. Let g = c - 46. Calculate the highest common divisor of 3 and g.
3
Let c(a) = -a**3 + 6*a**2 - a + 8. Let b be c(6). Let f be (-65)/11 + 33/(-363). Let j be 1 + 1 - (-2 + f). Calculate the greatest common divisor of b and j.
2
Let w = -9648 - -9672. What is the highest common factor of w and 37080?
24
Let u(w) = -2*w**3 - 201*w**2 + 367*w - 124. Let t be u(-103). Calculate the greatest common factor of 210 and t.
210
Let k(y) = -2*y. Let o be k(-1). Let h = -454 - -476. What is the greatest common factor of h and o?
2
Suppose -6*h + 66*h = 580 + 140. Calculate the highest common divisor of h and 759.
3
Let u = 3227 + 1855. What is the highest common divisor of u and 297?
33
Let l = 5011 + -4347. What is the greatest common factor of l and 747?
83
Let a(i) = i**3 - 26*i**2 - 60*i + 47. Let v be a(31). Suppose -71*s + v = -55*s. Suppose 10 = k - 1. Calculate the highest common factor of k and s.
11
Let j = 285 + -311. Let g(f) = -f**3 - 25*f**2 + 27*f + 36. Let d be g(j). Let v = -9 - -19. Calculate the highest common divisor of v and d.
10
Let q = -97 - -163. Suppose -3*t + 254 = 5*g, -4*t + 4*g = -3*t - 96. Calculate the greatest common factor of t and q.
22
Suppose -6*h = 434 - 2048. Let z = h - 253. What is the greatest common factor of z and 16?
16
Suppose -24*w + 55*w + 4774 = 0. Let k = 252 + w. Calculate the greatest common divisor of 14 and k.
14
Let z = -479 - -487. Suppose -2*f - 5*u = 67, -2*u = -4*f + 3*u - 89. Let b = f - -38. Calculate the greatest common divisor of b and z.
4
Let q be (-57)/(-19) - 1*-1. Let r be q/3*(-3)/2. Let i be ((-6)/2 + -89)/r. Calculate the greatest common factor of 23 and i.
23
Let k(q) be the third derivative of 19*q**5/60 + 17*q**4/12 - 11*q**3/2 + 81*q**2. Let t be k(1). Calculate the greatest common factor of 620 and t.
20
Suppose 16*g - 57 + 9 = 0. Let s be -4 + g - 1/(2/(-298)). Calculate the greatest common divisor of s and 222.
74
Suppose 4*v + 2505 = 3*c, c - 4*v = 303 + 516. What is the highest common factor of c and 9?
3
Suppose 3*o + 20 = 4*q, 6 = 4*q - 5*o - 22. Suppose 0 = -4*h + z + 362, q*h - 4*z - 10 - 178 = 0. What is the greatest common divisor of h and 160?
10
Let y be 54 + 1/(1/3). Let z = -21 + y. Let c = 13 + -7. Calculate the highest common factor of c and z.
6
Suppose 31*j + 2457 = 52*j. Calculate the highest common divisor of 793 and j.
13
Let l(y) = y**3 + 5*y**2 + 4*y + 5. Let s be l(-4). Let x be ((-68)/10)/(204/(-2550)). Calculate the greatest common divisor of x and s.
5
Let w be (16 + -2)*104/182 + 1. Let q = -2 + 14. Calculate the greatest common divisor of q and w.
3
Let q(h) = -h**2 - 47*h - 340. Let g be q(-16). Let o be 1 + 4 - (-9)/(-3). Suppose 167 = o*c - 41. What is the greatest common factor of c and g?
52
Let t = -4284 + 4428. Calculate the greatest common divisor of 400 and t.
16
Let k be -4 + (0 - (-13 - -3)). Let o(m) = -37*m - 43. Let z be o(-7). Calculate the highest common divisor of z and k.
6
Suppose 38*g - 4611 = -1533. What is the highest common divisor of 6534 and g?
27
Let w(x) = 58*x**2 - 46*x - 51. Let j be w(4). Calculate the greatest common divisor of 121 and j.
11
Let s = -888 - -1998. Suppose 0*h + w = h - 1113, -2*w = h - s. Suppose -344 = 8*z - h. Calculate the highest common factor of z and 12.
12
Let c be -3 + 6 + (-4)/(-4). Suppose 5*l + 2 = -g - 1, 0 = -c*l. Let k be g/(-5) - (-72)/5. What is the greatest common factor of k and 75?
15
Suppose 0 = -2*y + 3*k - 2 - 1, -4*k + 4 = -2*y. Suppose 5*o - 99 - 26 = y. Suppose 3 = -a + o. What is the greatest common factor of 132 and a?
22
Let f(b) = 364*b + 6088. Let g be f(-16). What is the highest common divisor of g and 96?
24
Let x be (-1 - (171/12)/(-3))/(96/10368). Calculate the greatest common divisor of x and 2997.
81
Suppose 0 = d + z - 40